. Determine x(-220).
-10
Let b(z) = z**3 - 17*z**2 + 8*z - 141. What is b(17)?
-5
Let y(d) = 2*d**3 + 33*d**2 + 54*d - 6. What is y(-14)?
218
Let l(x) = -165*x + 1481. Give l(9).
-4
Let u(v) = v**3 - 18*v**2 - 43*v + 30. Calculate u(20).
-30
Let c(z) = z**2 + 13*z + 27. Determine c(-12).
15
Let m(i) = -29*i**2 + 32*i - 11. Calculate m(3).
-176
Let m(u) = -2552*u - 15283. Calculate m(-6).
29
Let s(v) = -191*v - 10119. Calculate s(-53).
4
Let g(p) = 4*p**3 - 148*p**2 + 34. What is g(37)?
34
Let q(i) = 196*i - 171. What is q(1)?
25
Let l(r) = 46*r**3 + 463*r**2 + 15*r - 144. Calculate l(-10).
6
Let g(l) = -6*l**3 - 12*l**2 - 58*l - 107. Give g(-2).
9
Let r(x) = x**3 - 33*x**2 + 141*x + 10. Calculate r(5).
15
Let i(z) = 9*z + 720. What is i(-68)?
108
Let g(m) = m**3 - 51*m**2 + 90*m + 352. What is g(49)?
-40
Let r(i) = i**2 - 24*i + 1. Calculate r(-9).
298
Let a(m) = -129*m + 36245. Calculate a(281).
-4
Let y(r) = -3*r**2 + 106*r + 191. Determine y(37).
6
Let p(i) = 28*i + 849. Determine p(-30).
9
Let k(u) = -u**2 + 16*u - 46. Calculate k(14).
-18
Let i(q) = q**2 + 65*q + 269. Determine i(-65).
269
Let a(m) = 378*m + 4153. Calculate a(-11).
-5
Let q(y) = 7*y**2 - 27*y - 4. Calculate q(0).
-4
Let w(y) = -131*y - 7. Calculate w(-4).
517
Let k(s) = 2*s**2 - 28*s + 237. Determine k(21).
531
Let z(v) = -v**3 - 9*v**2 + 907*v - 80. Determine z(-35).
25
Let h(c) = c - 23. What is h(22)?
-1
Let g(a) = a**2 - 124*a + 145. Give g(123).
22
Let h(w) = 2*w**3 + 30*w**2 - 49*w - 260. Give h(-16).
12
Let d(s) = -s**3 - 10*s**2 - 15*s - 59. Calculate d(-9).
-5
Let f(j) = -j**2 + 21*j - 166. What is f(17)?
-98
Let h(a) = 13*a - 34. What is h(3)?
5
Let m(s) = 2*s - 68. What is m(12)?
-44
Let g(x) = 155*x - 159. Calculate g(1).
-4
Let c(k) = 57*k - 3259. What is c(57)?
-10
Let z(n) = -2414*n - 84485. What is z(-35)?
5
Let i(n) = -12*n**3 - 3*n**2 - 48*n + 109. What is i(2)?
-95
Let u(a) = 16*a + 65. Give u(-4).
1
Let y(i) = -116*i - 1430. Calculate y(-13).
78
Let w(k) = -2*k**3 + 326*k**2 - 343*k + 3080. Determine w(162).
2
Let h(l) = -l**3 + 8*l**2 + 3*l - 4. What is h(5)?
86
Let r(c) = -9*c - 208. Give r(-24).
8
Let p(w) = 10*w**3 + 3*w**2 - 2*w. Calculate p(1).
11
Let l(x) = x**2 + 268*x + 5404. Determine l(-22).
-8
Let c(o) = -o**2 - 30*o + 187. Calculate c(-34).
51
Let v(m) = 2*m**3 - 77*m**2 + 325*m - 640. What is v(34)?
6
Let n(j) = 2010*j - 7998. Calculate n(4).
42
Let n(f) = f**2 - 2134*f - 51806. Determine n(-24).
-14
Let c(t) = -23*t**2 + 149*t - 67. Calculate c(6).
-1
Let u(r) = r**2 - 93*r + 1263. What is u(16)?
31
Let t(p) = p**2 + 259*p + 6216. Calculate t(-232).
-48
Let w(m) = 55*m + 58. Determine w(4).
278
Let t(y) = 86*y + 251. Calculate t(-3).
-7
Let y(d) = d**2 + 31*d - 89. What is y(4)?
51
Let n(x) = -x**3 - 17*x**2 - 65*x + 6. What is n(-6)?
0
Let w(x) = 33*x + 261. Determine w(-8).
-3
Let z(i) = 3*i**2 + 33*i - 158. What is z(4)?
22
Let k(n) = 2*n**3 + 28*n**2 - 55*n - 24. What is k(-16)?
-168
Let m(z) = -61*z - 135. Calculate m(-5).
170
Let m(o) = 3*o**3 + 10*o**2 + 8*o + 33. Give m(-4).
-31
Let d(f) = -f**3 + 7*f**2 + 6*f - 29. What is d(7)?
13
Let q(r) = -2*r**3 + 5*r**2 - 5*r + 21. Calculate q(4).
-47
Let h(p) = -p**3 + 8*p**2 - 14*p + 30. Determine h(6).
18
Let z(o) = -o**2 + 62*o + 6456. Determine z(117).
21
Let a(x) = -3*x**2 - 10*x - 1. Determine a(-6).
-49
Let t(i) = 2*i**3 + 8*i**2 + 9*i + 25. Give t(-4).
-11
Let r(i) = -i**2 - 96*i + 2057. Determine r(-114).
5
Let n(f) = -f**3 + 6*f**2 + 19*f - 5. Give n(6).
109
Let r(q) = 20*q - 1797. What is r(91)?
23
Let s(k) = -1862*k - 119167. What is s(-64)?
1
Let y(w) = 24*w**2 + 6*w + 20. What is y(-2)?
104
Let w(r) = 6*r**3 + 16*r**2 - 7*r - 10. What is w(-3)?
-7
Let x(p) = -p**2 + 61*p + 667. Give x(-9).
37
Let i(c) = -7*c - 257. What is i(-36)?
-5
Let j(d) = -d**3 - 12*d**2 - 46*d - 146. Give j(-3).
-89
Let r(d) = 12*d**2 + 66*d + 230. Determine r(-4).
158
Let j(w) = 28*w**2 - 45*w - 1. Determine j(2).
21
Let n(l) = -l**3 + 22*l**2 + 23*l - 122. Give n(23).
-122
Let c(r) = -r**3 + 3*r**2 - 2*r - 42. Calculate c(0).
-42
Let s(l) = 43*l**2 + 1847*l - 63. Calculate s(-43).
23
Let f(z) = z**3 + 49*z**2 + 248*z - 201. Give f(-43).
229
Let v(q) = q**3 + q**2 - 2*q + 2. Determine v(0).
2
Let s(z) = -1014*z - 9011. Give s(-9).
115
Let d(l) = -4*l**3 + 20*l**2 - 7*l - 11. Give d(7).
-452
Let n(t) = t**3 + 16*t**2 + 83*t + 416. Determine n(-12).
-4
Let p(j) = -32*j + 49. Calculate p(7).
-175
Let f(l) = 61*l - 1. Calculate f(0).
-1
Let f(d) = -d - 126. What is f(-15)?
-111
Let h(l) = -33*l + 2700. Determine h(75).
225
Let o(w) = 953*w - 31449. What is o(33)?
0
Let d(v) = -v**3 - 63*v**2 - 488*v - 105. Determine d(-54).
3
Let x(m) = -9*m**2 - 245*m - 21. Calculate x(-27).
33
Let n(v) = -v**3 + 8*v**2 + 126*v - 407. Give n(3).
16
Let w(m) = 35*m - 11. Give w(-1).
-46
Let a(q) = -30*q**2 - 388*q + 39. Give a(-13).
13
Let m(i) = i**3 - 18*i**2 + 23*i + 1. Determine m(16).
-143
Let w(d) = -7*d - 70. What is w(-6)?
-28
Let t(j) = -7*j**2 - 5*j + 16. Determine t(3).
-62
Let z(q) = -q**3 - 16*q**2 + 258*q + 23. What is z(10)?
3
Let k(q) = q**3 - 125*q**2 + 150*q - 3213. Give k(124).
11
Let q(v) = 42*v**2 + 4*v + 3. Give q(-1).
41
Let q(u) = 3*u**3 - 119*u**2 - 38*u - 89. Give q(40).
-9
Let a(s) = -32*s**2 + 148*s + 49. Determine a(5).
-11
Let a(x) = x**3 - 43*x**2 - 85*x - 211. Calculate a(45).
14
Let b(o) = o**3 + 153*o**2 + 2073*o + 43. Give b(-15).
-2
Let o(l) = 2*l + 63. Calculate o(-10).
43
Let f(s) = 98*s + 5192. What is f(-53)?
-2
Let s(y) = -6*y + 78. What is s(2)?
66
Let w(x) = x**3 + 10*x**2 - 27*x - 293. Give w(-11).
-117
Let i(p) = 26*p**2 - 149*p - 8. Give i(6).
34
Let u(z) = z**2 + 105*z - 672. Determine u(6).
-6
Let l(u) = -u**2 + 2*u + 260. What is l(17)?
5
Let p(u) = u**2 - 21*u - 82. Calculate p(23).
-36
Let u(h) = -31*h**2 + 325*h + 649. Determine u(-2).
-125
Let i(n) = -n**3 + 17*n**2 - 300*n + 5064. Determine i(17).
-36
Let d(z) = -z**3 + 113*z**2 - 101*z - 13437. What is d(111)?
-6
Let t(h) = -2*h**2 + 272*h - 7108. Calculate t(35).
-38
Let q(l) = l**2 + 343*l - 2467. Calculate q(7).
-17
Let g(s) = 24*s - 211. Give g(28).
461
Let n(c) = -4*c**3 + 226*c**2 - 112*c - 103. Calculate n(56).
-103
Let d(o) = -o**3 - 14*o**2 + 65*o + 4. Give d(4).
-24
Let l(j) = 59*j - 1946. What is l(33)?
1
Let n(j) = -j**3 + 30*j**2 - 120*j - 143. What is n(25)?
-18
Let p(d) = 2*d**2 - 39*d - 1. What is p(14)?
-155
Let k(s) = -222*s - 68. Calculate k(0).
-68
Let y(v) = v**2 + 87*v - 556. Calculate y(6).
2
Let w(t) = -8*t**2 - 18*t - 19. Calculate w(0).
-19
Let j(f) = f**2 - 47*f + 180. Determine j(22).
-370
Let j(k) = -3*k**2 + 44*k + 566. What is j(23)?
-9
Let h(l) = l**3 - 27*l**2 + 151*l - 1888. Determine h(24).
8
Let v(j) = j**3 + 8*j**2 - 5*j - 72. Calculate v(-8).
-32
Let s(z) = -z**3 - 39*z**2 - 76*z - 90. Give s(-37).
-16
Let d(y) = -y**3 - 21*y**2 + 62*y - 252. What is d(-24)?
-12
Let b(n) = -23*n**2 + 95*n + 5. Calculate b(5).
-95
Let l(n) = -3*n**2 + 45*n + 264. Calculate l(-6).
-114
Let n(s) = s**3 + s**2 + 2*s + 22. What is n(-3)?
-2
Let k(c) = 11*c**3 + 67*c**2 + 3*c - 4. Determine k(-5).
281
Let g(f) = 18*f + 308. What is g(-8)?
164
Let d(i) = -34*i + 775. Determine d(23).
-7
Let n(s) = -s**3 - 16*s**2 + s - 17. Determine n(-16).
-33
Let j(u) = u**2 - 858*u + 5118. Calculate j(6).
6
Let o(t) = 41*t - 8. What is o(0)?
-8
Let l(f) = -202*f**2 + 2228*f - 53. What is l(11)?
13
Let t(c) = -282*c**2 + 3948*c + 15. Determine t(14).
15
Let d(a) = a**3 - 29*a**2 + 33*a + 20. Give d(27).
-547
Let p(d) = 1379*d + 217872. Calculate p(-158).
-10
Let m(h) = 3*h + 28. Give m(-10).
-2
Let d(s) = -100*s**2 + 12*s - 9. Determine d(1).
-97
Let v(q) = -3*q**3 + 21*q**2 + 25*q - 113. Calculate v(8).
-105
Let h(p) = -3*p - 73. Give h(-10).
-43
Let d(o) = 2779*o + 8287. Give d(-3).
-50
Let a(n) = 978*n + 4893. Calculate a(-5).
3
Let q(a) = -4*a**2 + 102*a + 102. Determine q(-1).
-4
Let r(z) = -13*z**2 + 156*z + 17. Give r(13).
-152
Let l(t) = -3*t**3 - 8*t**2 - 5*t - 8. Determine l(-3).
16
Let r(q) = -629*q - 2546. Give r(-4).
-30
Let y(w) = -1086*w - 11922. Give y(-11).
24
Let x(v) = 60*v**2 - 2748*v - 556. Calculate x(46).
-4
Let j(a) = 8*a**2 - 12*a - 1. Calculate j(2).
7
Let o(v) = -136*v + 1464. What is o